{"id":1415,"date":"2026-02-20T12:44:28","date_gmt":"2026-02-20T11:44:28","guid":{"rendered":"https:\/\/nosvoyagesinterieurs.com\/?page_id=1415"},"modified":"2026-02-20T13:55:49","modified_gmt":"2026-02-20T12:55:49","slug":"faq","status":"publish","type":"page","link":"https:\/\/nosvoyagesinterieurs.com\/index.php\/faq\/","title":{"rendered":"FAQ"},"content":{"rendered":"\n<h1 class=\"wp-block-heading\">FAQ<\/h1>\n\n\n\n<p>Ici je souhaite r\u00e9pondre \u00e0 toutes les questions que vous vous posez concernant cette pr\u00e9aparation au mariage la\u00efque. <\/p>\n\n\n\n<h2 class=\"wp-block-heading\">Quand s&rsquo;inscrire \u00e0 une pr\u00e9paration au mariage ?<\/h2>\n\n\n\n<p>Le plus t\u00f4t possible ! D\u00e8s la demande afin que l&rsquo;accompagnement se fasse progressivement, que vous ayez le temps de prendre du temps ensemble et s\u00e9par\u00e9ment pour cheminer sur votre engagement et le sens de votre union.&nbsp;<\/p>\n\n\n\n<h2 class=\"wp-block-heading\">Pourquoi faire une pr\u00e9paration au mariage ?<\/h2>\n\n\n\n<p>Pr\u00e9parer un mariage est un vrai projet entrepreneurial de couple. Parfois entre les devis pour le traiteur et la commande des fleurs pour la c\u00e9r\u00e9monie, on oublie un peu le pourquoi, le sens&#8230; Alors comment ne pas s&rsquo;oublier, nous couple, pendant notre organisation pour le mariage ? <\/p>\n\n\n\n<p>Cette pr\u00e9paration s&rsquo;adresse justement aux personnes qui vont se marier ou se pacser et qui veulent faire un travail d&rsquo;introspection ensemble pour consolider leur engagement. Consid\u00e9rez cet accompagnement comme un investissement sur le long terme. <\/p>\n\n\n\n<h2 class=\"wp-block-heading\">Est-ce que cette pr\u00e9paration pour couple est religieuse ?<\/h2>\n\n\n\n<p>Pour r\u00e9pondre au plus grand nombre, et notamment \u00e0 une demande grandissante de personnes qui ne se retrouvent pas dans les pr\u00e9parations au mariage religieuse, l&rsquo;accompagnement est justement la\u00efque.&nbsp;<\/p>\n\n\n\n<h2 class=\"wp-block-heading\">Que comprend cette pr\u00e9paration au mariage la\u00efque ? <\/h2>\n\n\n\n<ul class=\"wp-block-list\">\n<li>\ud83c\udfa5 7 vid\u00e9os \u2013 7 th\u00e8mes essentiels de la vie \u00e0 deux<\/li>\n\n\n\n<li>\ud83d\udcd6 2 e-carnets de voyage avec questionnaires pour chaque th\u00e8me<\/li>\n\n\n\n<li>\ud83d\udc91 7 temps en t\u00eate\u2011\u00e0\u2011t\u00eate pour nourrir votre lien<\/li>\n\n\n\n<li>\ud83e\udded 7 s\u00e9ances en visio avec <a href=\"https:\/\/nosvoyagesinterieurs.com\/index.php\/1-portrait\/\" data-type=\"page\" data-id=\"463\">Sarah, th\u00e9rapeute de couple &amp; Gestalt praticienne<\/a> certifi\u00e9e<\/li>\n\n\n\n<li>\ud83e\udd0d 1 visio avec un couple mari\u00e9 (t\u00e9moignage &amp; retours d\u2019exp\u00e9rience)<\/li>\n\n\n\n<li>\ud83c\udf311 session de cl\u00f4ture et d\u2019int\u00e9gration, apr\u00e8s votre mariage<\/li>\n\n\n\n<li>\ud83d\udcf11 groupe de discussion WhatsApp pour poser vos questions pendant 6 mois<\/li>\n<\/ul>\n\n\n\n<h2 class=\"wp-block-heading\"><strong>Comment se d\u00e9roule concr\u00e8tement cet accompagnement de couple la\u00efque avant mariage ?<\/strong><\/h2>\n\n\n\n<p>Vous avancez pas \u00e0 pas, sans pression et \u00e0 votre rythme.<\/p>\n\n\n\n<ol class=\"wp-block-list\">\n<li>Vous visionnez ensemble la vid\u00e9o du th\u00e8me<\/li>\n\n\n\n<li>Chacun\u00b7e r\u00e9pond individuellement au questionnaire<\/li>\n\n\n\n<li>Vous prenez un temps de partage \u00e0 deux<\/li>\n\n\n\n<li>Vous vous retrouvez en visio avec <a href=\"https:\/\/nosvoyagesinterieurs.com\/index.php\/1-portrait\/\" data-type=\"page\" data-id=\"463\">Sarah Bouhafs, Gestalt-th\u00e9rapeute et th\u00e9rapeute de couple<\/a>, \u00e0 la date de votre choix pour :\n<ul class=\"wp-block-list\">\n<li>d\u00e9poser ce qui a \u00e9merg\u00e9,<\/li>\n\n\n\n<li>mettre du sens sur votre v\u00e9cu,<\/li>\n\n\n\n<li>vivre une exp\u00e9rimentation concr\u00e8te bonus li\u00e9e au th\u00e8me<\/li>\n<\/ul>\n<\/li>\n<\/ol>\n\n\n\n<h2 class=\"wp-block-heading\">Quand et comment r\u00e9pondre aux questionnaires envoy\u00e9s tout au long de l&rsquo;accompagnement ? <\/h2>\n\n\n\n<p>Faites-en un moment privil\u00e9gi\u00e9 pour votre couple. En amont, prenez un temps seul pour vous poser sur les questions et y r\u00e9pondre pour vous. Plannifiez une s\u00e9ance de partage. Prenez la soir\u00e9e, laissez les enfants aux parents\/ami.e.s\/baby-sitter ou couchez-les plus t\u00f4t si possible, faites vous un bon diner et partager votre d\u00e9couverte sur vous-m\u00eames, vos apirations pour votre couple sur le th\u00e8me du mois.&nbsp;<\/p>\n\n\n\n<h2 class=\"wp-block-heading\">Quels sont les th\u00e8mes abord\u00e9s pendant la pr\u00e9paration au mariage ?<\/h2>\n\n\n\n<p><strong>Les 7 th\u00e8mes essentiels de la vie \u00e0 deux<\/strong> :<\/p>\n\n\n\n<ol class=\"wp-block-list\">\n<li>Votre couple, votre engagement, votre mariage<\/li>\n\n\n\n<li>L\u2019importance de la communication dans votre couple&nbsp;<\/li>\n\n\n\n<li>L\u2019\u00e9quilibre entre vie personnelle et vie de couple&nbsp;<\/li>\n\n\n\n<li>Le lien \u00e0 vos familles respectives et \u00e0 vos ami.e.s<\/li>\n\n\n\n<li>Amour et sexualit\u00e9<\/li>\n\n\n\n<li>L\u2019argent dans votre couple&nbsp;<\/li>\n\n\n\n<li>Parentalit\u00e9 et vie de famille&nbsp;<\/li>\n<\/ol>\n\n\n\n<h2 class=\"wp-block-heading\">Quel est le tarif ?&nbsp;<\/h2>\n\n\n\n<p><\/p>\n\n\n\n<h2 class=\"wp-block-heading\">Dois-je venir \u00e0 Marseille pour suivre cette pr\u00e9paration ? <\/h2>\n\n\n\n<p>Non, pour plus de confort, la pr\u00e9paration est 100% en distantiel. Cependant pour les 7 coachings avec Sarah, si vous habitez sur Marseille, nous pouvons les faire en pr\u00e9sentiel. <\/p>\n\n\n\n<h2 class=\"wp-block-heading\">Et apr\u00e8s l&rsquo;accompagnement ? <\/h2>\n\n\n\n<p>L&rsquo;accompagnement permet de nous rencontrer dans un cadre joyeux, celui de la pr\u00e9paration de votre mariage et la c\u00e9l\u00e9bration de votre mariage. Cette aventure est parfois sem\u00e9e d&#8217;emb\u00fbches sur le chemin de la vie \u00e0 deux. En tant que th\u00e9rapeute de couple, je peux vous accompagner pour des s\u00e9ances de coaching ponctuelle si votre couple en ressent le besoin. Les s\u00e9ances se d\u00e9roulent en visio pendant 1h ou en pr\u00e9sentiel \u00e0 Marseille.<\/p>\n\n\n\n<p>La th\u00e9rapie de couple peut parfois faire peur, c&rsquo;est pourquoi je propose davantage des sessions de coaching. En effet parfois on a juste besoin d&rsquo;un tiers pour nous permettre de prendre du recul et d\u00e9sarmocez une situation compliqu\u00e9e et pour justement qu&rsquo;elle ne s&rsquo;envenime pas.<\/p>\n\n\n\n<p>Si vous avez suivi l&rsquo;accompagnement, vous vous rappelez peut-\u00eatre de ce conseil de trouver le temps de passer une heure par jour ensemble, une soir\u00e9e par semaine, un weekend par mois, une semaine par an. Bien s\u00fbr aucune injonction, juste un rappel de prendre du temps pour votre couple en tenant compte des obligations personnelles et de famille. Et parfois, pour cela, un tiers est n\u00e9cessaire.<\/p>\n\n\n\n<h2 class=\"wp-block-heading\">Combien co\u00fbte une s\u00e9ance de coaching apr\u00e8s le mariage ? <\/h2>\n\n\n\n<p>140\u20ac pour le couple.&nbsp;<\/p>\n","protected":false},"excerpt":{"rendered":"<p>FAQ Ici je souhaite r\u00e9pondre \u00e0 toutes les questions que vous vous posez concernant cette pr\u00e9aparation au mariage la\u00efque. Quand s&rsquo;inscrire \u00e0 une pr\u00e9paration au mariage ? Le plus t\u00f4t possible ! D\u00e8s la demande afin que l&rsquo;accompagnement se fasse progressivement, que vous ayez le temps de prendre du temps ensemble et s\u00e9par\u00e9ment pour cheminer [&hellip;]<\/p>\n","protected":false},"author":2,"featured_media":0,"parent":0,"menu_order":0,"comment_status":"closed","ping_status":"closed","template":"","meta":{"_seopress_robots_primary_cat":"","_seopress_titles_title":"","_seopress_titles_desc":"","_seopress_robots_index":"","footnotes":""},"class_list":["post-1415","page","type-page","status-publish","hentry"],"_links":{"self":[{"href":"https:\/\/nosvoyagesinterieurs.com\/index.php\/wp-json\/wp\/v2\/pages\/1415","targetHints":{"allow":["GET"]}}],"collection":[{"href":"https:\/\/nosvoyagesinterieurs.com\/index.php\/wp-json\/wp\/v2\/pages"}],"about":[{"href":"https:\/\/nosvoyagesinterieurs.com\/index.php\/wp-json\/wp\/v2\/types\/page"}],"author":[{"embeddable":true,"href":"https:\/\/nosvoyagesinterieurs.com\/index.php\/wp-json\/wp\/v2\/users\/2"}],"replies":[{"embeddable":true,"href":"https:\/\/nosvoyagesinterieurs.com\/index.php\/wp-json\/wp\/v2\/comments?post=1415"}],"version-history":[{"count":4,"href":"https:\/\/nosvoyagesinterieurs.com\/index.php\/wp-json\/wp\/v2\/pages\/1415\/revisions"}],"predecessor-version":[{"id":1436,"href":"https:\/\/nosvoyagesinterieurs.com\/index.php\/wp-json\/wp\/v2\/pages\/1415\/revisions\/1436"}],"wp:attachment":[{"href":"https:\/\/nosvoyagesinterieurs.com\/index.php\/wp-json\/wp\/v2\/media?parent=1415"}],"curies":[{"name":"wp","href":"https:\/\/api.w.org\/{rel}","templated":true}]}}